{"id":1021,"date":"2024-05-29T19:31:29","date_gmt":"2024-05-30T00:31:29","guid":{"rendered":"https:\/\/selvaticoplantshop.com\/?post_type=product&#038;p=1021"},"modified":"2025-07-31T17:41:11","modified_gmt":"2025-07-31T22:41:11","slug":"coronada-de-cristo-euphorbia-milii","status":"publish","type":"product","link":"https:\/\/selvaticoplantshop.com\/index.php\/producto\/coronada-de-cristo-euphorbia-milii\/","title":{"rendered":"Coronada De Cristo-Euphorbia milii"},"content":{"rendered":"<p><strong>Tipo de planta<\/strong>: Arbusto ornamental.<br \/>\n<strong>Riego:<\/strong> Moderado. Se debe regar cuando la tierra de la superficie est\u00e9 seca al tacto. En invierno, se debe reducir el riego.<br \/>\n<strong>Luz<\/strong>: Pleno sol o sombra parcial.<\/p>\n<p><strong>Humedad<\/strong>: Baja. No tolera la humedad ambiental alta.<\/p>\n<p><strong>Suelo<\/strong>: Bien drenado y rico en materia org\u00e1nica.<\/p>\n<p><strong>Interior o exterior<\/strong>: Se puede cultivar tanto en interior como en exterior. Si se cultiva en interior, se debe colocar en un lugar con mucha luz solar.<\/p>\n<p><strong>Cuidados<\/strong>: Es una planta resistente que no requiere muchos cuidados.<br \/>\nSe debe podar de vez en cuando para mantener su forma.<br \/>\nEs importante tener cuidado con la savia de la planta, ya que es t\u00f3xica.<br \/>\nSe debe proteger del fr\u00edo intenso.<\/p>\n","protected":false},"excerpt":{"rendered":"<p>La Corona de Cristo es un arbusto espinoso originario de Madagascar que pertenece a la familia Euphorbiaceae. Puede alcanzar hasta 1,5 metros de altura y sus tallos est\u00e1n cubiertos de espinas gruesas y afiladas. Las hojas son peque\u00f1as y ovaladas, de color verde intenso. Las flores son peque\u00f1as y agrupadas en br\u00e1cteas de color rojo sangre, amarillo o blanco.<\/p>\n<p>&nbsp;<\/p>\n","protected":false},"featured_media":917,"comment_status":"closed","ping_status":"closed","template":"","meta":{"om_disable_all_campaigns":false,"_monsterinsights_skip_tracking":false,"_monsterinsights_sitenote_active":false,"_monsterinsights_sitenote_note":"","_monsterinsights_sitenote_category":0,"_uf_show_specific_survey":0,"_uf_disable_surveys":false,"_joinchat":[]},"product_brand":[],"product_cat":[62],"product_tag":[],"class_list":{"0":"post-1021","1":"product","2":"type-product","3":"status-publish","4":"has-post-thumbnail","6":"product_cat-plantas-de-interior-e-exterior","7":"pa_tamano-matera-p20","9":"first","10":"instock","11":"featured","12":"shipping-taxable","13":"purchasable","14":"product-type-simple"},"aioseo_notices":[],"_links":{"self":[{"href":"https:\/\/selvaticoplantshop.com\/index.php\/wp-json\/wp\/v2\/product\/1021","targetHints":{"allow":["GET"]}}],"collection":[{"href":"https:\/\/selvaticoplantshop.com\/index.php\/wp-json\/wp\/v2\/product"}],"about":[{"href":"https:\/\/selvaticoplantshop.com\/index.php\/wp-json\/wp\/v2\/types\/product"}],"replies":[{"embeddable":true,"href":"https:\/\/selvaticoplantshop.com\/index.php\/wp-json\/wp\/v2\/comments?post=1021"}],"wp:featuredmedia":[{"embeddable":true,"href":"https:\/\/selvaticoplantshop.com\/index.php\/wp-json\/wp\/v2\/media\/917"}],"wp:attachment":[{"href":"https:\/\/selvaticoplantshop.com\/index.php\/wp-json\/wp\/v2\/media?parent=1021"}],"wp:term":[{"taxonomy":"product_brand","embeddable":true,"href":"https:\/\/selvaticoplantshop.com\/index.php\/wp-json\/wp\/v2\/product_brand?post=1021"},{"taxonomy":"product_cat","embeddable":true,"href":"https:\/\/selvaticoplantshop.com\/index.php\/wp-json\/wp\/v2\/product_cat?post=1021"},{"taxonomy":"product_tag","embeddable":true,"href":"https:\/\/selvaticoplantshop.com\/index.php\/wp-json\/wp\/v2\/product_tag?post=1021"}],"curies":[{"name":"wp","href":"https:\/\/api.w.org\/{rel}","templated":true}]}}