{"id":1023,"date":"2024-05-29T19:31:29","date_gmt":"2024-05-30T00:31:29","guid":{"rendered":"https:\/\/selvaticoplantshop.com\/?post_type=product&#038;p=1023"},"modified":"2025-07-31T17:39:17","modified_gmt":"2025-07-31T22:39:17","slug":"dracaena-marginata","status":"publish","type":"product","link":"https:\/\/selvaticoplantshop.com\/index.php\/producto\/dracaena-marginata\/","title":{"rendered":"Dracaena Marginata"},"content":{"rendered":"<p><strong>Riego<\/strong>: Prefiere un riego moderado, dejando que la tierra se seque entre riegos. En invierno, reduce el riego a\u00fan m\u00e1s.<\/p>\n<p><strong>Luz:<\/strong> Prospera en ambientes luminosos pero indirectos. Evita la luz solar directa, ya que puede quemar sus hojas.<\/p>\n<p><strong>Humedad<\/strong>: No requiere alta humedad ambiental, pero agradece un roc\u00edo ocasional en las hojas.<\/p>\n<p><strong>Suelo<\/strong>: Un buen suelo para macetas de interior con buen drenaje es ideal. Puedes usar una mezcla comercial para plantas de interior o preparar la tuya propia con partes iguales de tierra de enraizamiento, turba y perlita.<\/p>\n<p><strong>Interior o exterior:<\/strong> La Dracaena Marginata es principalmente una planta de interior, pero puede prosperar en exteriores en climas c\u00e1lidos y libres de heladas.<\/p>\n<p><strong>Cuidados:<\/strong><\/p>\n<p>Temperatura: Prefiere temperaturas c\u00e1lidas entre 18 y 24 \u00b0C. Evita las temperaturas fr\u00edas y las corrientes de aire.<br \/>\nFertilizaci\u00f3n: Fertiliza durante la primavera y el verano con un fertilizante l\u00edquido diluido a la mitad de la fuerza recomendada cada dos meses.<br \/>\nPoda: Poda las hojas marrones o da\u00f1adas con tijeras afiladas y desinfectadas.<\/p>\n","protected":false},"excerpt":{"rendered":"<p>La Dracaena Marginata es una planta hermosa y f\u00e1cil de cuidar que puede agregar un toque de tr\u00f3pico a tu hogar. Con los cuidados adecuados, puede disfrutar de su belleza durante muchos a\u00f1os. La Dracaena Marginata, tambi\u00e9n conocida como Dr\u00e1cena de Madagascar o simplemente Dr\u00e1cena, es una planta de interior de hoja perenne originaria de las zonas tropicales de \u00c1frica.<\/p>\n<p>&nbsp;<\/p>\n","protected":false},"featured_media":922,"comment_status":"closed","ping_status":"closed","template":"","meta":{"om_disable_all_campaigns":false,"_monsterinsights_skip_tracking":false,"_monsterinsights_sitenote_active":false,"_monsterinsights_sitenote_note":"","_monsterinsights_sitenote_category":0,"_uf_show_specific_survey":0,"_uf_disable_surveys":false,"_joinchat":[]},"product_brand":[],"product_cat":[62],"product_tag":[],"class_list":{"0":"post-1023","1":"product","2":"type-product","3":"status-publish","4":"has-post-thumbnail","6":"product_cat-plantas-de-interior-e-exterior","7":"pa_tamano-bolsa-35","8":"pa_tamano-matera-p14","10":"first","11":"instock","12":"featured","13":"shipping-taxable","14":"purchasable","15":"product-type-simple"},"aioseo_notices":[],"_links":{"self":[{"href":"https:\/\/selvaticoplantshop.com\/index.php\/wp-json\/wp\/v2\/product\/1023","targetHints":{"allow":["GET"]}}],"collection":[{"href":"https:\/\/selvaticoplantshop.com\/index.php\/wp-json\/wp\/v2\/product"}],"about":[{"href":"https:\/\/selvaticoplantshop.com\/index.php\/wp-json\/wp\/v2\/types\/product"}],"replies":[{"embeddable":true,"href":"https:\/\/selvaticoplantshop.com\/index.php\/wp-json\/wp\/v2\/comments?post=1023"}],"wp:featuredmedia":[{"embeddable":true,"href":"https:\/\/selvaticoplantshop.com\/index.php\/wp-json\/wp\/v2\/media\/922"}],"wp:attachment":[{"href":"https:\/\/selvaticoplantshop.com\/index.php\/wp-json\/wp\/v2\/media?parent=1023"}],"wp:term":[{"taxonomy":"product_brand","embeddable":true,"href":"https:\/\/selvaticoplantshop.com\/index.php\/wp-json\/wp\/v2\/product_brand?post=1023"},{"taxonomy":"product_cat","embeddable":true,"href":"https:\/\/selvaticoplantshop.com\/index.php\/wp-json\/wp\/v2\/product_cat?post=1023"},{"taxonomy":"product_tag","embeddable":true,"href":"https:\/\/selvaticoplantshop.com\/index.php\/wp-json\/wp\/v2\/product_tag?post=1023"}],"curies":[{"name":"wp","href":"https:\/\/api.w.org\/{rel}","templated":true}]}}