{"id":1034,"date":"2024-05-29T19:31:42","date_gmt":"2024-05-30T00:31:42","guid":{"rendered":"https:\/\/selvaticoplantshop.com\/?post_type=product&#038;p=1034"},"modified":"2025-07-31T17:33:41","modified_gmt":"2025-07-31T22:33:41","slug":"jade-macho","status":"publish","type":"product","link":"https:\/\/selvaticoplantshop.com\/index.php\/producto\/jade-macho\/","title":{"rendered":"Jade Macho"},"content":{"rendered":"<p><strong>Tipo de planta<\/strong>: Suculenta<\/p>\n<p><strong>Riego<\/strong>: Poco frecuente. Se debe esperar a que el suelo est\u00e9 completamente seco entre riegos. En invierno, se puede regar una vez al mes.<\/p>\n<p><strong>Luz<\/strong>: Sol pleno o sombra parcial. Prefiere la luz solar directa durante al menos algunas horas al d\u00eda.<\/p>\n<p><strong>Humedad<\/strong>: Baja. No necesita humedad ambiental adicional.<\/p>\n<p><strong>Suelo<\/strong>: Bien drenado. Se puede usar una mezcla de tierra para cactus y suculentas.<\/p>\n<p><strong>Interior o exterior<\/strong>: Se puede cultivar tanto en interiores como en exteriores. Si se cultiva en exteriores, aseg\u00farate de que est\u00e9 protegida de las heladas.<\/p>\n<p><strong>Cuidados<\/strong>:<\/p>\n<p>Poda: Se puede podar para darle forma a la planta en primavera o verano.<br \/>\nFertilizaci\u00f3n: Fertiliza la planta una vez al mes durante la temporada de crecimiento (primavera y verano) con un fertilizante diluido para plantas suculentas.<br \/>\nPlagas y enfermedades: Las plantas de jade son generalmente resistentes a plagas y enfermedades. Sin embargo, pueden ser susceptibles a la pudrici\u00f3n de la ra\u00edz si se riegan en exceso.<\/p>\n","protected":false},"excerpt":{"rendered":"<p>La planta de Jade Macho, tambi\u00e9n conocida como Crassula Ovata, es una suculenta popular apreciada por su follaje verde intenso, su forma compacta y su resistencia. Originaria de las regiones rocosas y c\u00e1lidas de \u00c1frica del Sur, esta planta se ha adaptado perfectamente a la vida en interiores, convirti\u00e9ndose en una favorita entre los amantes de la jardiner\u00eda dom\u00e9stica.<\/p>\n<p>Su caracter\u00edstica m\u00e1s distintiva son sus hojas carnosas y ovaladas, que presentan un brillo natural y pueden adquirir tonos rojizos en los bordes cuando reciben suficiente luz solar. Las hojas crecen en pares opuestos a lo largo de tallos gruesos y le\u00f1osos, dando a la planta una apariencia compacta y robusta.<\/p>\n<p>&nbsp;<\/p>\n","protected":false},"featured_media":956,"comment_status":"closed","ping_status":"closed","template":"","meta":{"om_disable_all_campaigns":false,"_monsterinsights_skip_tracking":false,"_monsterinsights_sitenote_active":false,"_monsterinsights_sitenote_note":"","_monsterinsights_sitenote_category":0,"_uf_show_specific_survey":0,"_uf_disable_surveys":false,"_joinchat":[]},"product_brand":[],"product_cat":[62],"product_tag":[],"class_list":{"0":"post-1034","1":"product","2":"type-product","3":"status-publish","4":"has-post-thumbnail","6":"product_cat-plantas-de-interior-e-exterior","7":"pa_tamano-matera-p14","9":"first","10":"instock","11":"featured","12":"shipping-taxable","13":"purchasable","14":"product-type-simple"},"aioseo_notices":[],"_links":{"self":[{"href":"https:\/\/selvaticoplantshop.com\/index.php\/wp-json\/wp\/v2\/product\/1034","targetHints":{"allow":["GET"]}}],"collection":[{"href":"https:\/\/selvaticoplantshop.com\/index.php\/wp-json\/wp\/v2\/product"}],"about":[{"href":"https:\/\/selvaticoplantshop.com\/index.php\/wp-json\/wp\/v2\/types\/product"}],"replies":[{"embeddable":true,"href":"https:\/\/selvaticoplantshop.com\/index.php\/wp-json\/wp\/v2\/comments?post=1034"}],"wp:featuredmedia":[{"embeddable":true,"href":"https:\/\/selvaticoplantshop.com\/index.php\/wp-json\/wp\/v2\/media\/956"}],"wp:attachment":[{"href":"https:\/\/selvaticoplantshop.com\/index.php\/wp-json\/wp\/v2\/media?parent=1034"}],"wp:term":[{"taxonomy":"product_brand","embeddable":true,"href":"https:\/\/selvaticoplantshop.com\/index.php\/wp-json\/wp\/v2\/product_brand?post=1034"},{"taxonomy":"product_cat","embeddable":true,"href":"https:\/\/selvaticoplantshop.com\/index.php\/wp-json\/wp\/v2\/product_cat?post=1034"},{"taxonomy":"product_tag","embeddable":true,"href":"https:\/\/selvaticoplantshop.com\/index.php\/wp-json\/wp\/v2\/product_tag?post=1034"}],"curies":[{"name":"wp","href":"https:\/\/api.w.org\/{rel}","templated":true}]}}