{"id":246,"date":"2024-03-13T20:58:12","date_gmt":"2024-03-14T01:58:12","guid":{"rendered":"https:\/\/selvaticoplantshop.com\/index.php\/producto\/alocasia-velvet\/"},"modified":"2025-02-04T11:12:54","modified_gmt":"2025-02-04T16:12:54","slug":"alocasia-velvet","status":"publish","type":"product","link":"https:\/\/selvaticoplantshop.com\/index.php\/producto\/alocasia-velvet\/","title":{"rendered":"Alocasia Velvet"},"content":{"rendered":"<p>La Alocasia Velvet es una planta de interior con hojas grandes y en forma de flecha que son de color verde oscuro aterciopelado en la parte superior y de color burdeos intenso en la parte inferior. Las hojas tienen venas prominentes de color verde claro o blanco. La planta puede crecer hasta alcanzar una altura y una anchura de 2 a 3 pies.<\/p>\n","protected":false},"excerpt":{"rendered":"<p>Tipo de planta: Alocasia es un g\u00e9nero de plantas con flores tropicales de la familia de las ar\u00e1ceas.<br \/>\nTama\u00f1o: La Alocasia Velvet puede crecer hasta alcanzar una altura de 2 a 3 pies, con hojas que alcanzan un ancho de hasta 12 pulgadas.<br \/>\nHojas: Las hojas de la Alocasia Velvet son de color verde oscuro aterciopelado con nervaduras prominentes de color verde claro o blanco. El env\u00e9s de las hojas es de color burdeos.<br \/>\nFlores: Las flores de la Alocasia Velvet son peque\u00f1as y poco llamativas, de color blanco o crema.<br \/>\nLuz: La Alocasia Velvet prefiere la luz brillante e indirecta. La luz solar directa puede quemar las hojas.<br \/>\nAgua: La Alocasia Velvet debe regarse con regularidad, pero no debe dejarse reposar en el agua. El suelo debe estar h\u00famedo pero no mojado.<br \/>\nHumedad: La Alocasia Velvet prefiere un ambiente h\u00famedo. Puede aumentar la humedad alrededor de su planta colocando un humidificador cerca o colocando la planta sobre una bandeja de guijarros con agua.<br \/>\nSuelo: La Alocasia Velvet debe plantarse en una mezcla para macetas rica y bien drenada.<br \/>\nFertilizante: La Alocasia Velvet debe fertilizarse una vez al mes durante la temporada de crecimiento con un fertilizante equilibrado.<br \/>\nPlagas y enfermedades: La Alocasia Velvet es susceptible a una variedad de plagas y enfermedades, incluyendo cochinillas, pulgones, \u00e1caros ara\u00f1a y pudrici\u00f3n de la ra\u00edz.<br \/>\nToxicidad: La Alocasia Velvet es t\u00f3xica para los humanos y las mascotas si se ingiere.<\/p>\n","protected":false},"featured_media":113,"comment_status":"closed","ping_status":"closed","template":"","meta":{"om_disable_all_campaigns":false,"_monsterinsights_skip_tracking":false,"_monsterinsights_sitenote_active":false,"_monsterinsights_sitenote_note":"","_monsterinsights_sitenote_category":0,"_uf_show_specific_survey":0,"_uf_disable_surveys":false,"_joinchat":[]},"product_brand":[],"product_cat":[26,25],"product_tag":[],"class_list":{"0":"post-246","1":"product","2":"type-product","3":"status-publish","4":"has-post-thumbnail","6":"product_cat-alocasia","7":"product_cat-plantas-de-interior","8":"pa_tamano-matera-p14","10":"first","11":"instock","12":"purchasable","13":"product-type-simple"},"aioseo_notices":[],"_links":{"self":[{"href":"https:\/\/selvaticoplantshop.com\/index.php\/wp-json\/wp\/v2\/product\/246","targetHints":{"allow":["GET"]}}],"collection":[{"href":"https:\/\/selvaticoplantshop.com\/index.php\/wp-json\/wp\/v2\/product"}],"about":[{"href":"https:\/\/selvaticoplantshop.com\/index.php\/wp-json\/wp\/v2\/types\/product"}],"replies":[{"embeddable":true,"href":"https:\/\/selvaticoplantshop.com\/index.php\/wp-json\/wp\/v2\/comments?post=246"}],"wp:featuredmedia":[{"embeddable":true,"href":"https:\/\/selvaticoplantshop.com\/index.php\/wp-json\/wp\/v2\/media\/113"}],"wp:attachment":[{"href":"https:\/\/selvaticoplantshop.com\/index.php\/wp-json\/wp\/v2\/media?parent=246"}],"wp:term":[{"taxonomy":"product_brand","embeddable":true,"href":"https:\/\/selvaticoplantshop.com\/index.php\/wp-json\/wp\/v2\/product_brand?post=246"},{"taxonomy":"product_cat","embeddable":true,"href":"https:\/\/selvaticoplantshop.com\/index.php\/wp-json\/wp\/v2\/product_cat?post=246"},{"taxonomy":"product_tag","embeddable":true,"href":"https:\/\/selvaticoplantshop.com\/index.php\/wp-json\/wp\/v2\/product_tag?post=246"}],"curies":[{"name":"wp","href":"https:\/\/api.w.org\/{rel}","templated":true}]}}