{"id":258,"date":"2024-03-13T20:58:12","date_gmt":"2024-03-14T01:58:12","guid":{"rendered":"https:\/\/selvaticoplantshop.com\/index.php\/producto\/camandula\/"},"modified":"2025-07-31T18:03:00","modified_gmt":"2025-07-31T23:03:00","slug":"camandula","status":"publish","type":"product","link":"https:\/\/selvaticoplantshop.com\/index.php\/producto\/camandula\/","title":{"rendered":"Camandula"},"content":{"rendered":"<p><strong>Tipo de planta:<\/strong> Suculenta<br \/>\n<strong>Origen:<\/strong> Sud\u00e1frica<br \/>\n<strong>Tama\u00f1o<\/strong>: Puede alcanzar hasta 90 cm de longitud<br \/>\n<strong>Hojas:<\/strong> Redondas, verdes y carnosas, con una l\u00ednea transl\u00facida<br \/>\n<strong>Flores:<\/strong> Peque\u00f1as y blancas, con un aroma similar a la canela<br \/>\n<strong>Luz:<\/strong> Prefiere la luz solar indirecta<br \/>\n<strong>Riego<\/strong>: Moderado, dejando que el suelo se seque entre riegos<br \/>\n<strong>Suelo<\/strong>: Bien drenado<br \/>\n<strong>Temperatura<\/strong>: Ideal entre 10 y 25 \u00b0C<\/p>\n","protected":false},"excerpt":{"rendered":"<p>La planta cam\u00e1ndula, tambi\u00e9n conocida como Rosario o Senecio rowleyanus, es una planta suculenta nativa de Sud\u00e1frica. Se caracteriza por sus tallos largos y delgados, de los que cuelgan peque\u00f1as hojas redondas y verdes, que parecen cuentas de un rosario. Las hojas tienen una textura suave y carnosa, y est\u00e1n adornadas con una fina l\u00ednea transl\u00facida que les da un aspecto \u00fanico.<\/p>\n<p>&nbsp;<\/p>\n","protected":false},"featured_media":177,"comment_status":"closed","ping_status":"closed","template":"","meta":{"om_disable_all_campaigns":false,"_monsterinsights_skip_tracking":false,"_monsterinsights_sitenote_active":false,"_monsterinsights_sitenote_note":"","_monsterinsights_sitenote_category":0,"_uf_show_specific_survey":0,"_uf_disable_surveys":false,"_joinchat":[]},"product_brand":[],"product_cat":[25,38],"product_tag":[],"class_list":{"0":"post-258","1":"product","2":"type-product","3":"status-publish","4":"has-post-thumbnail","6":"product_cat-plantas-de-interior","7":"product_cat-suculenta","8":"pa_tamano-matera-p10","10":"first","11":"instock","12":"purchasable","13":"product-type-simple"},"aioseo_notices":[],"_links":{"self":[{"href":"https:\/\/selvaticoplantshop.com\/index.php\/wp-json\/wp\/v2\/product\/258","targetHints":{"allow":["GET"]}}],"collection":[{"href":"https:\/\/selvaticoplantshop.com\/index.php\/wp-json\/wp\/v2\/product"}],"about":[{"href":"https:\/\/selvaticoplantshop.com\/index.php\/wp-json\/wp\/v2\/types\/product"}],"replies":[{"embeddable":true,"href":"https:\/\/selvaticoplantshop.com\/index.php\/wp-json\/wp\/v2\/comments?post=258"}],"wp:featuredmedia":[{"embeddable":true,"href":"https:\/\/selvaticoplantshop.com\/index.php\/wp-json\/wp\/v2\/media\/177"}],"wp:attachment":[{"href":"https:\/\/selvaticoplantshop.com\/index.php\/wp-json\/wp\/v2\/media?parent=258"}],"wp:term":[{"taxonomy":"product_brand","embeddable":true,"href":"https:\/\/selvaticoplantshop.com\/index.php\/wp-json\/wp\/v2\/product_brand?post=258"},{"taxonomy":"product_cat","embeddable":true,"href":"https:\/\/selvaticoplantshop.com\/index.php\/wp-json\/wp\/v2\/product_cat?post=258"},{"taxonomy":"product_tag","embeddable":true,"href":"https:\/\/selvaticoplantshop.com\/index.php\/wp-json\/wp\/v2\/product_tag?post=258"}],"curies":[{"name":"wp","href":"https:\/\/api.w.org\/{rel}","templated":true}]}}