{"id":272,"date":"2024-03-13T20:58:22","date_gmt":"2024-03-14T01:58:22","guid":{"rendered":"https:\/\/selvaticoplantshop.com\/index.php\/producto\/peperomia-caperata\/"},"modified":"2025-07-31T17:52:20","modified_gmt":"2025-07-31T22:52:20","slug":"peperomia-caperata","status":"publish","type":"product","link":"https:\/\/selvaticoplantshop.com\/index.php\/producto\/peperomia-caperata\/","title":{"rendered":"Peperomia Caperata"},"content":{"rendered":"<p><strong>Tipo de planta<\/strong>: Planta de interior, suculenta<\/p>\n<p><strong>Nombre cient\u00edfico<\/strong>: Peperomia caperata<\/p>\n<p><strong>Nombre com\u00fan<\/strong>: Peperomia de rizo esmeralda, cola de rat\u00f3n, cascara de nuez<\/p>\n<p><strong>Riego<\/strong>: Regar cuando el suelo est\u00e9 seco al tacto. Dejar que la tierra se seque completamente entre riegos.<\/p>\n<p><strong>Luz<\/strong>: Luz indirecta brillante. Evitar la luz solar directa.<\/p>\n<p><strong>Humedad<\/strong>: Promedio. No es necesario nebulizar.<\/p>\n<p><strong>Temperatura<\/strong>: Entre 18\u00b0C y 24\u00b0C.<\/p>\n<p><strong>Suelo<\/strong>: Mezcla para macetas bien drenada.<\/p>\n<p><strong>Fertilizante<\/strong>: Fertilizar una vez al mes.<\/p>\n","protected":false},"excerpt":{"rendered":"<p>La Peperomia caperata es una planta de interior peque\u00f1a y compacta con hojas gruesas y cori\u00e1ceas. Las hojas son de color verde oscuro con un patr\u00f3n ondulado distintivo. La planta produce peque\u00f1as flores blancas en espigas erectas. La Peperomia caperata es una planta de bajo mantenimiento que es ideal para principiantes.<\/p>\n<p>&nbsp;<\/p>\n","protected":false},"featured_media":224,"comment_status":"closed","ping_status":"closed","template":"","meta":{"om_disable_all_campaigns":false,"_monsterinsights_skip_tracking":false,"_monsterinsights_sitenote_active":false,"_monsterinsights_sitenote_note":"","_monsterinsights_sitenote_category":0,"_uf_show_specific_survey":0,"_uf_disable_surveys":false,"_joinchat":[]},"product_brand":[],"product_cat":[25],"product_tag":[],"class_list":{"0":"post-272","1":"product","2":"type-product","3":"status-publish","4":"has-post-thumbnail","6":"product_cat-plantas-de-interior","7":"pa_tamano-matera-p14","9":"first","10":"instock","11":"featured","12":"purchasable","13":"product-type-simple"},"aioseo_notices":[],"_links":{"self":[{"href":"https:\/\/selvaticoplantshop.com\/index.php\/wp-json\/wp\/v2\/product\/272","targetHints":{"allow":["GET"]}}],"collection":[{"href":"https:\/\/selvaticoplantshop.com\/index.php\/wp-json\/wp\/v2\/product"}],"about":[{"href":"https:\/\/selvaticoplantshop.com\/index.php\/wp-json\/wp\/v2\/types\/product"}],"replies":[{"embeddable":true,"href":"https:\/\/selvaticoplantshop.com\/index.php\/wp-json\/wp\/v2\/comments?post=272"}],"wp:featuredmedia":[{"embeddable":true,"href":"https:\/\/selvaticoplantshop.com\/index.php\/wp-json\/wp\/v2\/media\/224"}],"wp:attachment":[{"href":"https:\/\/selvaticoplantshop.com\/index.php\/wp-json\/wp\/v2\/media?parent=272"}],"wp:term":[{"taxonomy":"product_brand","embeddable":true,"href":"https:\/\/selvaticoplantshop.com\/index.php\/wp-json\/wp\/v2\/product_brand?post=272"},{"taxonomy":"product_cat","embeddable":true,"href":"https:\/\/selvaticoplantshop.com\/index.php\/wp-json\/wp\/v2\/product_cat?post=272"},{"taxonomy":"product_tag","embeddable":true,"href":"https:\/\/selvaticoplantshop.com\/index.php\/wp-json\/wp\/v2\/product_tag?post=272"}],"curies":[{"name":"wp","href":"https:\/\/api.w.org\/{rel}","templated":true}]}}